{"id":457,"date":"2025-03-17T23:41:59","date_gmt":"2025-03-17T23:41:59","guid":{"rendered":"https:\/\/ccgourmet.com.py\/demo\/?post_type=product&#038;p=457"},"modified":"2025-05-05T02:27:26","modified_gmt":"2025-05-05T02:27:26","slug":"dry-age-machine-fornelli-modelo-ccg-75","status":"publish","type":"product","link":"https:\/\/ccgourmet.com.py\/demo\/index.php\/producto\/dry-age-machine-fornelli-modelo-ccg-75\/","title":{"rendered":"Dry Age Machine Fornelli \u2013 modelo CCG 75"},"content":{"rendered":"<p><strong>Refrigeraci\u00f3n: <\/strong>por compresi\u00f3n, 2\u00b0 a 14\u00b0 C. (descongelado autom)<\/p>\n<p><strong>Capacidad:<\/strong> 75 lts.<\/p>\n<p><strong>Control: <\/strong>sistema autom\u00e1tico de regulaci\u00f3n de fr\u00edo y humedad controlada electr\u00f3nicamente (50% a 85%)<\/p>\n<p><strong>Estantes: <\/strong>acero inoxidable con colgantes<\/p>\n<p>adicionales.<\/p>\n<p><strong>Iluminaci\u00f3n: <\/strong>led con sistema de filtro UV.<\/p>\n<p><strong>Color:<\/strong> plateado (acero inoxidable)<\/p>\n<p><strong>Tama\u00f1o:<\/strong> 0.55 (anch) x 0.40 (prof) x 0.88 (alt)<\/p>\n","protected":false},"excerpt":{"rendered":"<p><strong>Refrigeraci\u00f3n: <\/strong>por compresi\u00f3n, 2\u00b0 a 14\u00b0 C. (descongelado autom)<\/p>\n<p><strong>Capacidad:<\/strong> 75 lts.<\/p>\n<p><strong>Control: <\/strong>sistema autom\u00e1tico de regulaci\u00f3n de fr\u00edo y humedad controlada electr\u00f3nicamente (50% a 85%)<\/p>\n<p><strong>Estantes: <\/strong>acero inoxidable con colgantes<\/p>\n<p>adicionales.<\/p>\n<p><strong>Iluminaci\u00f3n: <\/strong>led con sistema de filtro UV.<\/p>\n<p><strong>Color:<\/strong> plateado (acero inoxidable)<\/p>\n<p><strong>Tama\u00f1o:<\/strong> 0.55 (anch) x 0.40 (prof) x 0.88 (alt)<\/p>\n","protected":false},"featured_media":621,"comment_status":"open","ping_status":"closed","template":"","meta":[],"product_brand":[],"product_cat":[32,31],"product_tag":[],"class_list":{"0":"post-457","1":"product","2":"type-product","3":"status-publish","4":"has-post-thumbnail","6":"product_cat-dry-age-machines","7":"product_cat-maquinas-fornelli","9":"first","10":"instock","11":"shipping-taxable","12":"purchasable","13":"product-type-simple"},"jetpack_sharing_enabled":true,"_links":{"self":[{"href":"https:\/\/ccgourmet.com.py\/demo\/index.php\/wp-json\/wp\/v2\/product\/457","targetHints":{"allow":["GET"]}}],"collection":[{"href":"https:\/\/ccgourmet.com.py\/demo\/index.php\/wp-json\/wp\/v2\/product"}],"about":[{"href":"https:\/\/ccgourmet.com.py\/demo\/index.php\/wp-json\/wp\/v2\/types\/product"}],"replies":[{"embeddable":true,"href":"https:\/\/ccgourmet.com.py\/demo\/index.php\/wp-json\/wp\/v2\/comments?post=457"}],"wp:featuredmedia":[{"embeddable":true,"href":"https:\/\/ccgourmet.com.py\/demo\/index.php\/wp-json\/wp\/v2\/media\/621"}],"wp:attachment":[{"href":"https:\/\/ccgourmet.com.py\/demo\/index.php\/wp-json\/wp\/v2\/media?parent=457"}],"wp:term":[{"taxonomy":"product_brand","embeddable":true,"href":"https:\/\/ccgourmet.com.py\/demo\/index.php\/wp-json\/wp\/v2\/product_brand?post=457"},{"taxonomy":"product_cat","embeddable":true,"href":"https:\/\/ccgourmet.com.py\/demo\/index.php\/wp-json\/wp\/v2\/product_cat?post=457"},{"taxonomy":"product_tag","embeddable":true,"href":"https:\/\/ccgourmet.com.py\/demo\/index.php\/wp-json\/wp\/v2\/product_tag?post=457"}],"curies":[{"name":"wp","href":"https:\/\/api.w.org\/{rel}","templated":true}]}}