{"id":410,"date":"2025-03-13T19:19:19","date_gmt":"2025-03-13T19:19:19","guid":{"rendered":"https:\/\/ccgourmet.com.py\/?post_type=product&#038;p=410"},"modified":"2026-05-08T09:29:16","modified_gmt":"2026-05-08T09:29:16","slug":"lavazza-blue-lb900","status":"publish","type":"product","link":"https:\/\/ccgourmet.com.py\/index.php\/producto\/lavazza-blue-lb900\/","title":{"rendered":"Lavazza Blue LB900"},"content":{"rendered":"<p>Compact es la combinaci\u00f3n perfecta entre elegancia y funcionalidad.<\/p>\n<p>Con su dise\u00f1o moderno y compacto, esta cafetera est\u00e1 pensada para ofrecer un espresso perfecto en cada taza, sin complicaciones.<\/p>\n<p>\u2714 Interfaz t\u00e1ctil intuitiva para seleccionar tu caf\u00e9 ideal.<br \/>\n\u2714 Expulsi\u00f3n semiautom\u00e1tica de c\u00e1psulas para mayor comodidad.<br \/>\n\u2714 Dep\u00f3sito de agua de 0,9 L para m\u00faltiples preparaciones.<br \/>\n\u2714 Modo ahorro de energ\u00eda, eficiencia sin esfuerzo.<br \/>\n\u2714 Compatible con c\u00e1psulas Lavazza BLUE, el aut\u00e9ntico\u00a0sabor\u00a0italiano.<\/p>\n","protected":false},"excerpt":{"rendered":"<p>Con su dise\u00f1o moderno y compacto, esta cafetera est\u00e1 pensada para ofrecer un espresso perfecto en cada taza, sin complicaciones.<\/p>\n","protected":false},"featured_media":615,"comment_status":"open","ping_status":"closed","template":"","meta":[],"product_brand":[],"product_cat":[30],"product_tag":[],"class_list":{"0":"post-410","1":"product","2":"type-product","3":"status-publish","4":"has-post-thumbnail","6":"product_cat-maquinas-lavazza","8":"first","9":"instock","10":"shipping-taxable","11":"purchasable","12":"product-type-simple"},"_links":{"self":[{"href":"https:\/\/ccgourmet.com.py\/index.php\/wp-json\/wp\/v2\/product\/410","targetHints":{"allow":["GET"]}}],"collection":[{"href":"https:\/\/ccgourmet.com.py\/index.php\/wp-json\/wp\/v2\/product"}],"about":[{"href":"https:\/\/ccgourmet.com.py\/index.php\/wp-json\/wp\/v2\/types\/product"}],"replies":[{"embeddable":true,"href":"https:\/\/ccgourmet.com.py\/index.php\/wp-json\/wp\/v2\/comments?post=410"}],"wp:featuredmedia":[{"embeddable":true,"href":"https:\/\/ccgourmet.com.py\/index.php\/wp-json\/wp\/v2\/media\/615"}],"wp:attachment":[{"href":"https:\/\/ccgourmet.com.py\/index.php\/wp-json\/wp\/v2\/media?parent=410"}],"wp:term":[{"taxonomy":"product_brand","embeddable":true,"href":"https:\/\/ccgourmet.com.py\/index.php\/wp-json\/wp\/v2\/product_brand?post=410"},{"taxonomy":"product_cat","embeddable":true,"href":"https:\/\/ccgourmet.com.py\/index.php\/wp-json\/wp\/v2\/product_cat?post=410"},{"taxonomy":"product_tag","embeddable":true,"href":"https:\/\/ccgourmet.com.py\/index.php\/wp-json\/wp\/v2\/product_tag?post=410"}],"curies":[{"name":"wp","href":"https:\/\/api.w.org\/{rel}","templated":true}]}}