{"id":950,"date":"2026-02-19T18:15:37","date_gmt":"2026-02-19T18:15:37","guid":{"rendered":"https:\/\/ccgourmet.com.py\/?post_type=product&#038;p=950"},"modified":"2026-02-19T18:31:11","modified_gmt":"2026-02-19T18:31:11","slug":"sugo-allarrabbiata-400gr","status":"publish","type":"product","link":"https:\/\/ccgourmet.com.py\/index.php\/producto\/sugo-allarrabbiata-400gr\/","title":{"rendered":"SUGO ALL\u2019ARRABBIATA &#8211; 400GR"},"content":{"rendered":"<p>La Salsa Arrabbiata de Agnesi es una combinaci\u00f3n audaz y picante de tomates maduros, aceite de oliva virgen extra, ajo, guindilla y especias seleccionadas, que ofrece un sabor intenso y deliciosamente picante. Originaria de la cocina italiana, esta salsa lleva el nombre de &#8220;arrabbiata&#8221;, que en italiano significa &#8220;enojado&#8221;, debido al toque de picante que a\u00f1ade a cualquier plato. Perfecta para darle un toque de sabor y picante a tus platos de pasta, es una opci\u00f3n r\u00e1pida y conveniente para una comida llena de sabor.<\/p>\n","protected":false},"excerpt":{"rendered":"<p>Salsa de tomates maduros con aceite de oliva virgen extra, ajo y guindilla.<br data-start=\"107\" data-end=\"110\" \/>De sabor intenso y picante, ideal para pastas con car\u00e1cter italiano.<\/p>\n","protected":false},"featured_media":951,"comment_status":"open","ping_status":"closed","template":"","meta":[],"product_brand":[],"product_cat":[28],"product_tag":[],"class_list":{"0":"post-950","1":"product","2":"type-product","3":"status-publish","4":"has-post-thumbnail","6":"product_cat-productos-agnesi","8":"first","9":"instock","10":"shipping-taxable","11":"purchasable","12":"product-type-simple"},"_links":{"self":[{"href":"https:\/\/ccgourmet.com.py\/index.php\/wp-json\/wp\/v2\/product\/950","targetHints":{"allow":["GET"]}}],"collection":[{"href":"https:\/\/ccgourmet.com.py\/index.php\/wp-json\/wp\/v2\/product"}],"about":[{"href":"https:\/\/ccgourmet.com.py\/index.php\/wp-json\/wp\/v2\/types\/product"}],"replies":[{"embeddable":true,"href":"https:\/\/ccgourmet.com.py\/index.php\/wp-json\/wp\/v2\/comments?post=950"}],"wp:featuredmedia":[{"embeddable":true,"href":"https:\/\/ccgourmet.com.py\/index.php\/wp-json\/wp\/v2\/media\/951"}],"wp:attachment":[{"href":"https:\/\/ccgourmet.com.py\/index.php\/wp-json\/wp\/v2\/media?parent=950"}],"wp:term":[{"taxonomy":"product_brand","embeddable":true,"href":"https:\/\/ccgourmet.com.py\/index.php\/wp-json\/wp\/v2\/product_brand?post=950"},{"taxonomy":"product_cat","embeddable":true,"href":"https:\/\/ccgourmet.com.py\/index.php\/wp-json\/wp\/v2\/product_cat?post=950"},{"taxonomy":"product_tag","embeddable":true,"href":"https:\/\/ccgourmet.com.py\/index.php\/wp-json\/wp\/v2\/product_tag?post=950"}],"curies":[{"name":"wp","href":"https:\/\/api.w.org\/{rel}","templated":true}]}}